s digit of 9838?
9
What is the tens digit of 114?
1
What is the units digit of 15114?
4
What is the units digit of 3391?
1
What is the thousands digit of 25120?
5
What is the tens digit of 444?
4
What is the units digit of 38438?
8
What is the tens digit of 226?
2
What is the units digit of 110173?
3
What is the hundreds digit of 1262?
2
What is the tens digit of 24298?
9
What is the ten thousands digit of 83188?
8
What is the tens digit of 1371?
7
What is the tens digit of 9144?
4
What is the units digit of 2802?
2
What is the units digit of 50?
0
What is the hundreds digit of 12103?
1
What is the thousands digit of 1273?
1
What is the units digit of 587?
7
What is the thousands digit of 41587?
1
What is the hundreds digit of 11087?
0
What is the hundreds digit of 4569?
5
What is the hundreds digit of 710?
7
What is the thousands digit of 4511?
4
What is the units digit of 117347?
7
What is the hundreds digit of 559?
5
What is the tens digit of 30762?
6
What is the units digit of 24546?
6
What is the hundreds digit of 55284?
2
What is the units digit of 2990?
0
What is the units digit of 24356?
6
What is the hundreds digit of 15296?
2
What is the thousands digit of 1291?
1
What is the tens digit of 153?
5
What is the thousands digit of 2211?
2
What is the tens digit of 22665?
6
What is the thousands digit of 5039?
5
What is the units digit of 43080?
0
What is the thousands digit of 21329?
1
What is the tens digit of 634?
3
What is the ten thousands digit of 18468?
1
What is the tens digit of 10682?
8
What is the units digit of 10954?
4
What is the units digit of 257?
7
What is the units digit of 16826?
6
What is the thousands digit of 81825?
1
What is the hundreds digit of 596?
5
What is the ten thousands digit of 16988?
1
What is the units digit of 1717?
7
What is the units digit of 535?
5
What is the ten thousands digit of 16562?
1
What is the ten thousands digit of 12906?
1
What is the hundreds digit of 577?
5
What is the thousands digit of 9131?
9
What is the thousands digit of 1072?
1
What is the tens digit of 6906?
0
What is the hundred thousands digit of 157848?
1
What is the units digit of 144047?
7
What is the thousands digit of 3855?
3
What is the units digit of 74896?
6
What is the units digit of 1012?
2
What is the hundreds digit of 2444?
4
What is the thousands digit of 56134?
6
What is the thousands digit of 28294?
8
What is the tens digit of 248?
4
What is the hundreds digit of 82242?
2
What is the ten thousands digit of 17675?
1
What is the thousands digit of 4546?
4
What is the hundreds digit of 38480?
4
What is the units digit of 18771?
1
What is the tens digit of 2203?
0
What is the hundreds digit of 11035?
0
What is the thousands digit of 6922?
6
What is the ten thousands digit of 106198?
0
What is the units digit of 11150?
0
What is the units digit of 741?
1
What is the tens digit of 3494?
9
What is the thousands digit of 3591?
3
What is the hundreds digit of 89426?
4
What is the hundreds digit of 36349?
3
What is the tens digit of 1263?
6
What is the units digit of 14864?
4
What is the units digit of 9152?
2
What is the hundreds digit of 1853?
8
What is the hundreds digit of 995?
9
What is the hundreds digit of 1432?
4
What is the thousands digit of 5572?
5
What is the hundreds digit of 3291?
2
What is the ten thousands digit of 32024?
3
What is the hundreds digit of 21000?
0
What is the hundreds digit of 96238?
2
What is the ten thousands digit of 36019?
3
What is the tens digit of 2989?
8
What is the thousands digit of 2341?
2
What is the hundreds digit of 116?
1
What is the tens digit of 2654?
5
What is the tens digit of 1381?
8
What is the thousands digit of 118415?
8
What is the tens digit of 6023?
2
What is the ten thousands digit of 136684?
3
What is the hundreds digit of 9794?
7
What is the hundreds digit of 15966?
9
What is the units digit of 78228?
8
What is the hundreds digit of 230?
2
What is the hundreds digit of 806?
8
What is the ten thousands digit of 12975?
1
What is the hundreds digit of 4171?
1
What is the units digit of 36404?
4
What is the units digit of 130770?
0
What is the hundreds digit of 6380?
3
What is the hundreds digit of 31617?
6
What is the thousands digit of 1319?
1
What is the tens digit of 1380?
8
What is the ten thousands digit of 125790?
2
What is the tens digit of 8761?
6
What is the tens digit of 2472?
7
What is the thousands digit of 6661?
6
What is the hundreds digit of 3203?
2
What is the tens digit of 1000?
0
What is the thousands digit of 5594?
5
What is the hundreds digit of 3666?
6
What is the units digit of 464?
4
What is the units digit of 840?
0
What is the tens digit of 80834?
3
What is the tens digit of 26214?
1
What is the hundreds digit of 113456?
4
What is the tens digit of 13479?
7
What is the tens digit of 82?
8
What is the ten thousands digit of 13932?
1
What is the thousands digit of 123783?
3
What is the thousands digit of 12463?
2
What is the thousands digit of 24586?
4
What is the hundreds digit of 3971?
9
What is the tens digit of 321?
2
What is the hundreds digit of 1851?
8
What is the thousands digit of 3258?
3
What is the hundreds digit of 4022?
0
What is the ten thousands digit of 15559?
1
What is the hundreds digit of 1062?
0
What is the hundreds digit of 34297?
2
What is the tens digit of 232?
3
What is the units digit of 18626?
6
What is the tens digit of 633?
3
What is the hundreds digit of 4339?
3
What is the units digit of 794?
4
What is the hundreds digit of 9212?
2
What is the tens digit of 2474?
7
What is the tens digit of 24672?
7
What is the thousands digit of 2417?
2
What is the tens digit of 257?
5
What is the hundreds digit of 2043?
0
What is the hundreds digit of 1518?
5
What is the ten thousands digit of 37610?
3
What is the ten thousands digit of 63303?
6
What is the thousands digit of 4386?
4
What is the thousands digit of 2199?
2
What is the tens digit of 797?
9
What is the tens digit of 9502?
0
What is the thousands digit of 55923?
5
What is the hundreds digit of 346?
3
What is the units digit of 21733?
3
What is the hundreds digit of 6033?
0
What is the thousands digit of 14545?
4
What is the hundreds digit of 302?
3
What is the thousands digit of 13039?
3
What is the tens digit of 555?
5
What is the hundred thousands digit of 144323?
1
What is the units digit of 18338?
8
What is the ten thousands digit of 18102?
1
What is the thousands digit of 170102?
0
What is the units digit of 72?
2
What is the thousands digit of 3233?
3
What is the units digit of 16556?
6
What is the tens digit of 33340?
4
What is the ten thousands digit of 37035?
3
What is the units digit of 466?
6
What is the units digit of 204?
4
What is the thousands digit of 3821?
3
What is the hundreds digit of 15794?
7
What is the hundreds digit of 85431?
4
What is the units digit of 1451?
1
What is the hundreds digit of 42915?
9
What is the ten thousands digit of 36822?
3
What is the units digit of 132217?
7
What is the hundreds digit of 2773?
7
What is the hundreds digit of 36902?
9
What is the hundreds digit of 58125?
1
What is the ten thousands digit of 42882?
4
What is the ten thousands digit of 77699?
7
What is the hundreds digit of 64237?
2
What is the tens digit of 685?
8
What is the units digit of 1146?
6
What is the thousands digit of 50497?
0
What is the hundreds digit of 31226?
2
What is the units digit of 11696?
6
What is the units digit of 1694?
4
What is the hundreds digit of 1845?
8
What is the units digit of 29420?
0
What is the ten thousands digit of 13957?
1
What is the hundreds digit of 809?
8
What is the tens digit of 2169?
6
What is the hundreds digit of 1243?
2
What is the hundreds digit of 4830?
8
What is the thousands digit of 30210?
0
What is the thousands digit of 27939?
7
What is the thousands digit of 4056?
4
What is the units digit of 339?
9
What is the units digit of 214?
4
What is the thousands digit of 1399?
1
What is the hundreds digit of 6182?
1
What is the hundreds digit of 1973?
9
What is the tens digit of 1061?
6
What is the hundreds digit of 37586?
5
What is the tens digit of 970?
7
What is the hundreds digit of 1104?
1
What is the hundreds digit of 175744?
7
What is the hundreds digit of 88952?
9
What is the units digit of 2208?